t m(u) = 17*u**3 - 2*u**2 - 1780*u + 5. What is m(0)?
5
Let z(l) = 39274*l + 431973. What is z(-11)?
-41
Let x(b) = -22*b**2 - 1761*b - 17968. Give x(-12).
-4
Let t(q) = -9*q**2 + 1806*q - 14958. Determine t(192).
18
Let h(r) = 2*r**3 - 47*r**2 - 103*r + 1900. Give h(24).
4
Let q(n) = -8*n**2 - 12*n + 36. What is q(3)?
-72
Let l(f) = -f**3 + 34*f**2 - 160*f - 250. What is l(29)?
-685
Let h(b) = -5290*b - 31753. Give h(-6).
-13
Let k(m) = 5*m**2 - 25*m - 398. Calculate k(0).
-398
Let l(d) = -d**3 + 350*d**2 - 5023*d - 667. What is l(335)?
3
Let q(p) = -2*p**3 - 132*p**2 - 266*p - 108. Determine q(-64).
532
Let y(s) = 27725*s - 804065. Calculate y(29).
-40
Let z(x) = -x**3 + 350*x**2 - 81*x - 11. Calculate z(0).
-11
Let y(r) = 2*r**3 - 299*r**2 + 6267*r + 7079. Determine y(124).
11
Let h(i) = 148*i**2 + 1051*i + 1051. What is h(-1)?
148
Let x(z) = -1162*z + 434556. Calculate x(374).
-32
Let y(x) = -1880*x + 40071. What is y(23)?
-3169
Let p(v) = -8*v**2 - 118*v + 569. What is p(5)?
-221
Let r(t) = -5518*t + 32294. Calculate r(6).
-814
Let m(c) = 2*c**2 - 49*c - 636. Calculate m(34).
10
Let y(p) = p**3 + 27*p**2 + 112*p - 298. What is y(-10)?
282
Let i(w) = -2*w**2 + 139*w + 4152. What is i(-26)?
-814
Let g(c) = 3*c**2 - 290*c + 1877. What is g(7)?
-6
Let r(i) = -799*i + 17841. Determine r(23).
-536
Let r(b) = -2*b**2 + 70743*b - 141483. Determine r(2).
-5
Let b(w) = -10*w**2 - 3942*w + 7097. Calculate b(-396).
-31
Let s(j) = 3*j**2 - 741*j + 4424. Determine s(6).
86
Let m(k) = -455*k + 255317. Determine m(562).
-393
Let q(r) = -2*r**3 - 17*r**2 + 3795*r + 30466. Determine q(-8).
42
Let m(i) = -i**3 - 32*i**2 + 82*i - 174. Calculate m(-35).
631
Let u(t) = -17337*t + 832188. Give u(48).
12
Let i(z) = -6*z + 995. Calculate i(105).
365
Let f(r) = 1545*r + 277. Give f(0).
277
Let i(u) = -18808*u - 37340. Give i(-2).
276
Let o(m) = 3*m**3 + 779*m**2 + 6*m + 2. Determine o(0).
2
Let l(u) = -210*u**2 + 157*u + 3991. Determine l(-4).
3
Let i(s) = -1059*s + 5424. Give i(5).
129
Let u(l) = 13137*l - 748733. Determine u(57).
76
Let f(d) = -4*d**3 + 75*d**2 + 443*d - 124. What is f(-5)?
36
Let b(h) = -h**3 - 125*h**2 + 67*h - 7490. Determine b(-126).
-56
Let o(b) = -211*b - 7289. What is o(-34)?
-115
Let u(x) = x**3 - 1182*x**2 + 31181*x + 117. What is u(27)?
9
Let i(m) = m**3 + 39*m**2 + 606*m - 10958. Give i(10).
2
Let x(f) = -459*f**2 + 19*f + 47. What is x(0)?
47
Let y(u) = 357*u**2 + 5663*u + 30. Give y(-16).
814
Let q(i) = 6122*i - 1499860. Give q(245).
30
Let z(p) = -15159*p + 3607841. Determine z(238).
-1
Let a(q) = -2*q**3 + 269*q**2 - 117*q + 111. Calculate a(134).
2389
Let t(m) = 4*m**3 + 6772*m**2 - 298594*m - 3477. Determine t(-1736).
-5
Let o(f) = 37*f**3 + 2037*f**2 + 112*f - 72. What is o(-55)?
-182
Let l(c) = -14010*c + 406299. Give l(29).
9
Let s(r) = 1573*r**2 - 100674*r + 134. What is s(64)?
6
Let g(b) = -5703*b + 889663. Determine g(156).
-5
Let g(a) = 2*a**3 + 120*a**2 + 210*a + 924. Calculate g(-58).
2200
Let a(z) = -14*z**2 - 197*z - 396. Calculate a(-12).
-48
Let g(f) = 4745*f - 1153055. Determine g(243).
-20
Let t(p) = -2*p**3 + 41*p**2 + 616*p + 31. Determine t(-10).
-29
Let j(q) = 3*q**2 + 465*q - 72284. Determine j(-251).
4
Let h(l) = 2*l**3 + 4*l**2 - 46*l - 50. What is h(5)?
70
Let q(u) = 4047*u - 36428. What is q(9)?
-5
Let v(t) = 10*t**3 + 212*t**2 - 142*t + 6260. Determine v(-23).
4
Let s(w) = 789*w - 53767. Calculate s(68).
-115
Let q(w) = -w**2 + 78749*w - 78747. What is q(1)?
1
Let s(m) = m**2 + 77262*m - 309061. Calculate s(4).
3
Let a(z) = -z**3 - 65*z**2 + 649*z - 1261. Give a(-74).
-3
Let h(l) = -54223*l**2 - 108644*l - 3. Give h(-2).
393
Let o(w) = 44*w**2 - 1801*w + 17. Calculate o(41).
140
Let d(a) = -2*a**3 + 5*a**2 - 57*a + 333. Give d(6).
-261
Let d(i) = -13786*i - 262015. What is d(-19)?
-81
Let v(y) = -5*y**3 + 384*y**2 - 460*y + 11859. Determine v(76).
3
Let n(l) = 9925*l - 30425. Give n(3).
-650
Let g(i) = -i**3 + 189*i**2 + 4873*i + 631. Calculate g(212).
-5
Let f(y) = 75*y**2 - 4790*y + 4096. Calculate f(63).
1
Let z(n) = 24*n**2 - 125*n - 1155. Calculate z(-9).
1914
Let f(q) = 38*q + 2088. What is f(-33)?
834
Let t(c) = -9*c**2 + 5260*c - 640626. What is t(173)?
-7
Let w(y) = 523*y - 37674. What is w(72)?
-18
Let x(u) = 4*u**3 - 198*u**2 + 312*u + 212. Calculate x(48).
1364
Let b(m) = 978*m**2 + 11619*m - 1404. Give b(-12).
0
Let r(q) = -31*q**2 - 8284*q + 6433. Calculate r(-268).
1
Let n(o) = o**3 - 186*o**2 + 177*o + 1627. Give n(185).
147
Let k(x) = 1321*x - 6646. Calculate k(5).
-41
Let j(d) = 2*d**3 + 10*d**2 - 276*d + 294. Give j(-15).
-66
Let v(m) = -6*m**3 - 523*m**2 - 601*m + 199. Give v(-86).
113
Let j(v) = -2*v**3 + 2*v**2 + 337*v - 339. Determine j(1).
-2
Let s(m) = 13*m**2 - 5907*m + 31426. Give s(449).
-4
Let o(q) = 3*q**3 - 24*q**2 + 110*q - 1165. What is o(12)?
1883
Let g(h) = 4*h**3 - 2422*h**2 + 3605*h + 11478. Calculate g(604).
2
Let c(r) = -1254*r**2 + 79007*r - 17. Calculate c(63).
298
Let y(x) = 5*x**3 - 185*x**2 + 343*x + 258. Calculate y(35).
13
Let l(h) = -226*h + 41697. Determine l(185).
-113
Let g(m) = -40*m**3 - 1679*m**2 + 56*m + 281. What is g(-42)?
-307
Let s(j) = j**3 - 6*j**2 - 431*j + 43. What is s(-18)?
25
Let j(x) = -2*x**2 - 1468*x + 5882. Calculate j(4).
-22
Let t(o) = -2*o**3 + 388*o**2 + 1115*o + 13253. Give t(197).
54
Let k(r) = -656821*r - 5254559. Calculate k(-8).
9
Let p(i) = 4484*i - 44794. Calculate p(10).
46
Let h(c) = -412*c - 6661. Give h(-19).
1167
Let r(i) = 2*i**2 - 352*i + 5485. What is r(16)?
365
Let d(v) = -2612*v - 83424. Calculate d(-32).
160
Let r(l) = 2615*l + 29122. What is r(-11)?
357
Let n(s) = -s**3 - 28*s**2 + 54*s + 1908. Give n(-24).
-1692
Let t(o) = 17*o**2 + 1209*o - 2360. Determine t(-73).
-24
Let y(g) = -2*g**3 + 31*g**2 - 40*g - 25. Calculate y(14).
3
Let j(s) = -1851*s + 157673. Determine j(85).
338
Let k(j) = -28*j**3 + 14*j**2 + 20*j - 179. Calculate k(3).
-749
Let b(u) = -2*u**2 - 26*u + 1058. Determine b(20).
-262
Let l(v) = -v**3 + 9*v**2 - 276*v + 3329. Calculate l(11).
51
Let u(q) = -990*q + 11030. What is u(11)?
140
Let s(a) = a**3 + 32*a**2 + 227*a - 115. Determine s(-14).
235
Let v(r) = -8*r**3 + 804*r**2 - 447*r + 4710. Determine v(100).
10
Let m(p) = 2*p**3 + 1026*p**2 + 9041*p - 338. Calculate m(-9).
-59
Let d(y) = 2*y**3 - 36*y**2 + 75*y - 2153. Give d(19).
-6
Let y(b) = -11*b**2 + 1285*b - 11376. Determine y(107).
180
Let k(v) = 23394*v + 140469. Determine k(-6).
105
Let s(x) = -4*x**3 - 31*x**2 - 84*x - 158. Calculate s(-5).
-13
Let c(i) = -2*i**3 + 1433*i**2 + 6519*i - 21634. Calculate c(721).
-4
Let g(u) = 486*u + 12753. Determine g(-20).
3033
Let p(f) = 2*f**3 + 5*f**2 - 95*f - 238. What is p(0)?
-238
Let w(o) = -2*o**2 - 133*o + 1574. What is w(12)?
-310
Let w(s) = 4*s**3 + 404*s**2 - 1261*s + 39. Calculate w(-104).
1391
Let q(m) = 409922*m - 11477811. What is q(28)?
5
Let k(l) = -l**3 + 27*l**2 - 70*l + 1499. What is k(30)?
-3301
Let i(s) = -3152*s + 359524. What is i(114)?
196
Let j(v) = -v**3 - 100*v**2 - 2060*v - 34. Calculate j(-29).
-5
Let b(y) = 797*y - 1379. Determine b(2).
215
Let c(n) = n**2 - 13160*n + 812029. Calculate c(62).
-47
Let r(x) = 27*x**3 + 108*x**2 + 5*x - 24. What is r(-4)?
-44
Let d(u) = u**3 + 179*u**2 + 347*u - 1222. Determine d(-177).
17
Let x(u) = u**3 + 164*u**2 - 3064*u + 2157. Calculate x(-181).
-196
Let s(i) = -3219*i - 5970. What is s(-2)?
468
Let w(j) = -16*j**3 + 35*j**2 - 130*j + 32. Calculate w(3).
-475
Let c(g) = -7*g**2 + 8520*g - 25505. Determine c(3).
-8
Let s(d) = 3*d**2 + 7695*d + 46064. What is s(-6)?
2
Let t(a) = 66925*a - 1940802. Calculate t(29).
23
Let v(k) = -498795*k - 5486756. Give v(-11).
-11
Let m(d) = -15*d**3 - 151*d**2 - 59*d - 462. Give m(-10).
28
Let q(b) = -b**3 + 19*b**2 - 129*b + 2017. Calculate q(18).
19
Let h(f) = -2119*f**2 - 93234*f + 97. Give h(-44).
9
Let w(j) = -4*j**2 - 665*j + 33753. Calculate w(-207).
12
Let q(p) = p**3 + p**2 + 225*p + 1590. Determine q(-6).
60
Let x(l) = -2*l**3 + 53*l**2 - 269*l - 59. Determine x(9).
355
Let l(z) = 6560*z - 472727. Give l(72).
-407
Let x(u) = -2*u**2 - 1931*u - 244619. Determine x(-150).
31
Let r(w) = 11*w**3 - 32*w**2 - 20*w - 20. Calculate r(5).
455
Let v(d) = -19*d**2 + 200*d + 143. Give v(11).
44
Le